{"id":297,"date":"2021-03-19T16:41:41","date_gmt":"2021-03-19T19:41:41","guid":{"rendered":"https:\/\/institutoaua.org.br\/campanha-safra-do-cambuci-2021\/?page_id=297"},"modified":"2021-08-03T19:49:51","modified_gmt":"2021-08-03T22:49:51","slug":"live-rede-de-ecomercado-mata-atlantica","status":"publish","type":"page","link":"https:\/\/institutoaua.org.br\/campanha-safra-do-cambuci-2021\/live-rede-de-ecomercado-mata-atlantica\/","title":{"rendered":"Live &#8220;Rede de Ecomercado Mata Atl\u00e2ntica&#8221;"},"content":{"rendered":"<p>[et_pb_section fb_built=&#8221;1&#8243; admin_label=&#8221;Video&#8221; _builder_version=&#8221;4.9.2&#8243; _module_preset=&#8221;default&#8221; background_color=&#8221;gcid-02a935b2-594c-458f-9fb5-426da1a48a3e&#8221; custom_padding=&#8221;0px||0px||false|false&#8221; custom_padding_tablet=&#8221;0px||0px||true|false&#8221; custom_padding_phone=&#8221;0px||0px||true|false&#8221; global_colors_info=&#8221;{%22gcid-02a935b2-594c-458f-9fb5-426da1a48a3e%22:%91%22background_color%22%93}&#8221;][et_pb_row _builder_version=&#8221;4.9.2&#8243; _module_preset=&#8221;cf9dec55-6c20-4bb6-a020-e8c152cdf5dd&#8221;][et_pb_column type=&#8221;4_4&#8243; _builder_version=&#8221;4.9.2&#8243; _module_preset=&#8221;default&#8221;][et_pb_video src=&#8221;https:\/\/www.youtube.com\/watch?v=bNjaszdOGY0&#8243; _builder_version=&#8221;4.9.2&#8243; _module_preset=&#8221;default&#8221;][\/et_pb_video][\/et_pb_column][\/et_pb_row][\/et_pb_section][et_pb_section fb_built=&#8221;1&#8243; admin_label=&#8221;Conteudo&#8221; _builder_version=&#8221;4.9.2&#8243; _module_preset=&#8221;default&#8221; background_color=&#8221;gcid-02a935b2-594c-458f-9fb5-426da1a48a3e&#8221; background_image=&#8221;https:\/\/institutoaua.org.br\/campanha-safra-do-cambuci-2021\/wp-content\/uploads\/2021\/03\/grafismo-bg.png&#8221; background_size=&#8221;initial&#8221; background_position=&#8221;bottom_left&#8221; custom_padding_tablet=&#8221;80px||220px||false|false&#8221; custom_padding_phone=&#8221;60px||120px||false|false&#8221; background_last_edited=&#8221;on|desktop&#8221; background_position_tablet=&#8221;bottom_center&#8221; custom_css_main_element=&#8221;background-size:27%!important;&#8221; global_colors_info=&#8221;{%22gcid-02a935b2-594c-458f-9fb5-426da1a48a3e%22:%91%22background_color%22%93}&#8221;][et_pb_row column_structure=&#8221;1_4,3_4&#8243; use_custom_gutter=&#8221;on&#8221; gutter_width=&#8221;2&#8243; _builder_version=&#8221;4.9.2&#8243; _module_preset=&#8221;cf9dec55-6c20-4bb6-a020-e8c152cdf5dd&#8221;][et_pb_column type=&#8221;1_4&#8243; admin_label=&#8221;Coluna&#8221; disabled_on=&#8221;on|on|off&#8221; _builder_version=&#8221;4.9.2&#8243; _module_preset=&#8221;default&#8221;][et_pb_sidebar area=&#8221;et_pb_widget_area_3&#8243; disabled_on=&#8221;off|off|off&#8221; _builder_version=&#8221;4.9.2&#8243; _module_preset=&#8221;default&#8221; sticky_limit_top=&#8221;row&#8221; sticky_limit_bottom=&#8221;row&#8221;][\/et_pb_sidebar][\/et_pb_column][et_pb_column type=&#8221;3_4&#8243; admin_label=&#8221;Coluna&#8221; _builder_version=&#8221;4.9.2&#8243; _module_preset=&#8221;default&#8221;][et_pb_text _builder_version=&#8221;4.9.3&#8243; _module_preset=&#8221;default&#8221; text_text_color=&#8221;#545454&#8243; text_font_size=&#8221;20px&#8221; text_line_height=&#8221;1.3em&#8221; custom_margin=&#8221;||40px||false|false&#8221; custom_margin_tablet=&#8221;||30px||false|false&#8221; custom_margin_phone=&#8221;||20px||false|false&#8221; custom_margin_last_edited=&#8221;on|phone&#8221; hover_enabled=&#8221;0&#8243; text_font_size_tablet=&#8221;18px&#8221; text_font_size_phone=&#8221;16px&#8221; text_font_size_last_edited=&#8221;on|phone&#8221; sticky_enabled=&#8221;0&#8243;]<\/p>\n<p>\u200b<span style=\"font-weight: 400;\">Lideran\u00e7as representantes de nove grupos de produtores agroecol\u00f3gicos de esp\u00e9cies nativas do Bioma Mata Atl\u00e2ntica, integrantes da Rede de Ecomercado Mata Atl\u00e2ntica, estar\u00e3o presentes na live do Instituto AU\u00c1, quando o Presidente da entidade, Gabriel Menezes anunciar\u00e1 a distribui\u00e7\u00e3o de recursos na ordem de R$ 580 mil reais, captados do &#8220;Projeto 17.223 &#8211; Rede de Produtores de Cambuci e Nativas da Mata Atl\u00e2ntica&#8221; junto \u00e0 Funda\u00e7\u00e3o Banco do Brasil (edital Ecoforte).\u00a0<\/span><\/p>\n<p><span style=\"font-weight: 400;\">A verba ser\u00e1 usada para aquisi\u00e7\u00e3o de equipamentos e utens\u00edlios, freezers comerciais, constru\u00e7\u00e3o de uma cozinha para processamento desses frutos do bioma Mata Atl\u00e2ntica, cuja instala\u00e7\u00e3o ser\u00e1 feita na sede do Instituto AU\u00c1, em Osasco na regi\u00e3o metropolitana de\u00a0 S\u00e3o Paulo que beneficiar\u00e1 esse grupo de produtores, o que agregar\u00e1 tecnologia e valor \u00e0 produ\u00e7\u00e3o, trabalho e amplia\u00e7\u00e3o de renda. <\/span><\/p>\n<p>&nbsp;<\/p>\n<h3 style=\"text-align: center;\"><b><i>Sobre a Live<\/i><\/b><\/h3>\n<p style=\"text-align: center;\"><b>A live acontecer\u00e1 dia 10 de abril (s\u00e1bado), das 16h \u00e0s 18h.<\/b><\/p>\n<p><img loading=\"lazy\" decoding=\"async\" class=\"aligncenter wp-image-1571 size-full\" src=\"https:\/\/institutoaua.org.br\/campanha-safra-do-cambuci-2021\/wp-content\/uploads\/2021\/04\/Live-2.png\" alt=\"\" width=\"1080\" height=\"1365\" srcset=\"https:\/\/institutoaua.org.br\/campanha-safra-do-cambuci-2021\/wp-content\/uploads\/2021\/04\/Live-2.png 1080w, https:\/\/institutoaua.org.br\/campanha-safra-do-cambuci-2021\/wp-content\/uploads\/2021\/04\/Live-2-980x1239.png 980w, https:\/\/institutoaua.org.br\/campanha-safra-do-cambuci-2021\/wp-content\/uploads\/2021\/04\/Live-2-480x607.png 480w\" sizes=\"auto, (min-width: 0px) and (max-width: 480px) 480px, (min-width: 481px) and (max-width: 980px) 980px, (min-width: 981px) 1080px, 100vw\" \/><\/p>\n<p style=\"text-align: center;\"><b>Padrinho: <\/b><span style=\"font-weight: 400;\">Alexandre Goulart &#8211; <em>Instituto Conexsus<\/em><\/span><\/p>\n<p style=\"text-align: center;\"><b>Participantes<br \/><\/b><b>Associa\u00e7\u00e3o Ambientalista Serrana \u2013 ASA<br \/><\/b><em>Iporanga e Apia\u00ed<\/em> &#8211; <span style=\"font-weight: 400;\">\u00a0<\/span><span style=\"font-weight: 400;\">Antonio Eduardo Sodrzeieski (Mamute)<\/span><\/p>\n<p style=\"text-align: center;\"><b>Instituto Ecol\u00f3gico de Artistas Org\u00e2nicos Ultrasociais <\/b><b>(IEAOU)<br \/><\/b><em>Piedade e S\u00e3o Miguel Arcanjo<\/em> &#8211; <span style=\"font-weight: 400;\">Vitor Secolli<\/span><\/p>\n<p style=\"text-align: center;\"><b>CoopJuqui<br \/><\/b><em>Juquitiba e S\u00e3o Louren\u00e7o da Serra<\/em> &#8211; <span style=\"font-weight: 400;\">Dora Alice Lins de Souza<\/span><\/p>\n<p style=\"text-align: center;\"><b>Associa\u00e7\u00e3o de Produtores Org\u00e2nicos <\/b><b>e agroecol\u00f3gicos (APOA)<br \/><\/b><em>Embu-Gua\u00e7u<\/em> &#8211; <span style=\"font-weight: 400;\">Ana Coutinho (Ana do Mel)<\/span><\/p>\n<p style=\"text-align: center;\"><b>P\u00f3lo Ecotur\u00edstico de Parelheiros &#8211;<\/b> <em>S\u00e3o Paulo e Parelheiros<\/em> &#8211; <span style=\"font-weight: 400;\">Junior Magini<\/span><\/p>\n<p style=\"text-align: center;\"><b>Cooperativa Agr\u00edcola Mista do Alto Tiet\u00ea \u2013 CAMAT &#8211; <\/b><em>Sales\u00f3polis<\/em> &#8211; <span style=\"font-weight: 400;\">Roberto\u00a0 de Moraes(Boy)<\/span><\/p>\n<p style=\"text-align: center;\"><b>Associa\u00e7\u00e3o Minhoca<br \/><\/b><em>S\u00e3o Luiz do Paraitinga<\/em> &#8211; <span style=\"font-weight: 400;\">\u00a0Jorge Willmer Martins<\/span><\/p>\n<p style=\"text-align: center;\"><b>Rede Agroflorestal do Vale do Para\u00edba<br \/><\/b><em>Pindamonhangaba e Trememb\u00e9<\/em> &#8211; <span style=\"font-weight: 400;\">Thiago Coutinho e Cristina Maria de Castro<\/span><\/p>\n<p style=\"text-align: center;\"><b>Rede Agroecol\u00f3gica do Alto da Serra<br \/><\/b><em>Natividade da Serra<\/em> &#8211; <span style=\"font-weight: 400;\">Juliano Hojah da Silva<\/span><\/p>\n<p style=\"text-align: center;\"><span style=\"font-weight: 400;\"><strong>Pr\u00e9 Assentamento Lagoinha<\/strong><br \/>Mariana Pimentel<\/span><\/p>\n<p>&nbsp;<\/p>\n<p><img loading=\"lazy\" decoding=\"async\" class=\"aligncenter wp-image-615 size-full\" src=\"https:\/\/institutoaua.org.br\/campanha-safra-do-cambuci-2021\/wp-content\/uploads\/2021\/03\/Rede-Ecomercado-resumo.jpg\" alt=\"\" width=\"1280\" height=\"854\" srcset=\"https:\/\/institutoaua.org.br\/campanha-safra-do-cambuci-2021\/wp-content\/uploads\/2021\/03\/Rede-Ecomercado-resumo.jpg 1280w, https:\/\/institutoaua.org.br\/campanha-safra-do-cambuci-2021\/wp-content\/uploads\/2021\/03\/Rede-Ecomercado-resumo-980x654.jpg 980w, https:\/\/institutoaua.org.br\/campanha-safra-do-cambuci-2021\/wp-content\/uploads\/2021\/03\/Rede-Ecomercado-resumo-480x320.jpg 480w\" sizes=\"auto, (min-width: 0px) and (max-width: 480px) 480px, (min-width: 481px) and (max-width: 980px) 980px, (min-width: 981px) 1280px, 100vw\" \/><\/p>\n<h4 style=\"text-align: center;\"><strong>A Rede de Ecomercado Mata Atl\u00e2ntica surgiu no \u00e2mbito do projeto n\u00ba 17223 \u201cREDE DE PRODUTORES DE CAMBUCI E NATIVAS DA MATA ATL\u00c2NTICA\u201d, do edital \u201cECOFORTE-REDES-2017\u201d da Funda\u00e7\u00e3o Banco do Brasil.<\/strong><\/h4>\n<p><img loading=\"lazy\" decoding=\"async\" class=\"wp-image-1681 alignnone size-medium aligncenter\" src=\"https:\/\/institutoaua.org.br\/campanha-safra-do-cambuci-2021\/wp-content\/uploads\/2021\/08\/Ecoforte-300x139.png\" alt=\"\" width=\"300\" height=\"139\" \/><\/p>\n<p>[\/et_pb_text][et_pb_divider _builder_version=&#8221;4.9.3&#8243; _module_preset=&#8221;default&#8221; hover_enabled=&#8221;0&#8243; sticky_enabled=&#8221;0&#8243;][\/et_pb_divider][et_pb_text _builder_version=&#8221;4.9.3&#8243; _module_preset=&#8221;default&#8221; text_text_color=&#8221;#545454&#8243; text_font_size=&#8221;20px&#8221; text_line_height=&#8221;1.3em&#8221; custom_margin=&#8221;||40px||false|false&#8221; custom_margin_tablet=&#8221;||30px||false|false&#8221; custom_margin_phone=&#8221;||20px||false|false&#8221; custom_margin_last_edited=&#8221;on|phone&#8221; hover_enabled=&#8221;0&#8243; text_font_size_tablet=&#8221;18px&#8221; text_font_size_phone=&#8221;16px&#8221; text_font_size_last_edited=&#8221;on|phone&#8221; sticky_enabled=&#8221;0&#8243;]<\/p>\n<p>\u200b<span style=\"font-weight: 400;\"><\/span>\u00a0<\/p>\n<p style=\"text-align: right;\"><span style=\"font-weight: 400;\"><b><img loading=\"lazy\" decoding=\"async\" class=\"alignright wp-image-711\" src=\"https:\/\/institutoaua.org.br\/campanha-safra-do-cambuci-2021\/wp-content\/uploads\/2021\/03\/JM-Comunicac\u0327a\u0303o-278x300.jpg\" alt=\"\" width=\"102\" height=\"110\" srcset=\"https:\/\/institutoaua.org.br\/campanha-safra-do-cambuci-2021\/wp-content\/uploads\/2021\/03\/JM-Comunicac\u0327a\u0303o-278x300.jpg 278w, https:\/\/institutoaua.org.br\/campanha-safra-do-cambuci-2021\/wp-content\/uploads\/2021\/03\/JM-Comunicac\u0327a\u0303o-480x517.jpg 480w, https:\/\/institutoaua.org.br\/campanha-safra-do-cambuci-2021\/wp-content\/uploads\/2021\/03\/JM-Comunicac\u0327a\u0303o.jpg 503w\" sizes=\"auto, (max-width: 102px) 100vw, 102px\" \/>JM-Assessoria de Imprensa &amp; Comunica\u00e7\u00e3o<\/b><br \/>Jos\u00e9 Maria Filho: Jornalista MTb 19.852<br \/><\/span><a href=\"mailto:josemariajornalista27@gmail.com\"><span style=\"font-weight: 400;\">josemariajornalista27@gmail.com<\/span><\/a><br \/><span style=\"font-weight: 400;\">Cel. e WhatSapp (11) 99804.1112<\/span><\/p>\n<p>[\/et_pb_text][\/et_pb_column][\/et_pb_row][\/et_pb_section]<\/p>\n","protected":false},"excerpt":{"rendered":"<p>[et_pb_section fb_built=&#8221;1&#8243; admin_label=&#8221;Video&#8221; _builder_version=&#8221;4.9.2&#8243; _module_preset=&#8221;default&#8221; background_color=&#8221;gcid-02a935b2-594c-458f-9fb5-426da1a48a3e&#8221; custom_padding=&#8221;0px||0px||false|false&#8221; custom_padding_tablet=&#8221;0px||0px||true|false&#8221; custom_padding_phone=&#8221;0px||0px||true|false&#8221; global_colors_info=&#8221;{%22gcid-02a935b2-594c-458f-9fb5-426da1a48a3e%22:%91%22background_color%22%93}&#8221;][et_pb_row _builder_version=&#8221;4.9.2&#8243; _module_preset=&#8221;cf9dec55-6c20-4bb6-a020-e8c152cdf5dd&#8221;][et_pb_column type=&#8221;4_4&#8243; _builder_version=&#8221;4.9.2&#8243; _module_preset=&#8221;default&#8221;][et_pb_video src=&#8221;https:\/\/www.youtube.com\/watch?v=bNjaszdOGY0&#8243; _builder_version=&#8221;4.9.2&#8243; _module_preset=&#8221;default&#8221;][\/et_pb_video][\/et_pb_column][\/et_pb_row][\/et_pb_section][et_pb_section fb_built=&#8221;1&#8243; admin_label=&#8221;Conteudo&#8221; _builder_version=&#8221;4.9.2&#8243; _module_preset=&#8221;default&#8221; background_color=&#8221;gcid-02a935b2-594c-458f-9fb5-426da1a48a3e&#8221; background_image=&#8221;https:\/\/institutoaua.org.br\/campanha-safra-do-cambuci-2021\/wp-content\/uploads\/2021\/03\/grafismo-bg.png&#8221; background_size=&#8221;initial&#8221; background_position=&#8221;bottom_left&#8221; custom_padding_tablet=&#8221;80px||220px||false|false&#8221; custom_padding_phone=&#8221;60px||120px||false|false&#8221; background_last_edited=&#8221;on|desktop&#8221; background_position_tablet=&#8221;bottom_center&#8221; custom_css_main_element=&#8221;background-size:27%!important;&#8221; global_colors_info=&#8221;{%22gcid-02a935b2-594c-458f-9fb5-426da1a48a3e%22:%91%22background_color%22%93}&#8221;][et_pb_row column_structure=&#8221;1_4,3_4&#8243; use_custom_gutter=&#8221;on&#8221; gutter_width=&#8221;2&#8243; _builder_version=&#8221;4.9.2&#8243; _module_preset=&#8221;cf9dec55-6c20-4bb6-a020-e8c152cdf5dd&#8221;][et_pb_column type=&#8221;1_4&#8243; admin_label=&#8221;Coluna&#8221; disabled_on=&#8221;on|on|off&#8221; _builder_version=&#8221;4.9.2&#8243; _module_preset=&#8221;default&#8221;][et_pb_sidebar area=&#8221;et_pb_widget_area_3&#8243; disabled_on=&#8221;off|off|off&#8221; _builder_version=&#8221;4.9.2&#8243; _module_preset=&#8221;default&#8221; sticky_limit_top=&#8221;row&#8221; sticky_limit_bottom=&#8221;row&#8221;][\/et_pb_sidebar][\/et_pb_column][et_pb_column type=&#8221;3_4&#8243; admin_label=&#8221;Coluna&#8221; _builder_version=&#8221;4.9.2&#8243; _module_preset=&#8221;default&#8221;][et_pb_text _builder_version=&#8221;4.9.3&#8243; _module_preset=&#8221;default&#8221; text_text_color=&#8221;#545454&#8243; [&hellip;]<\/p>\n","protected":false},"author":1,"featured_media":0,"parent":0,"menu_order":30,"comment_status":"closed","ping_status":"closed","template":"","meta":{"_acf_changed":false,"_et_pb_use_builder":"on","_et_pb_old_content":"","_et_gb_content_width":"","footnotes":""},"class_list":["post-297","page","type-page","status-publish","hentry"],"acf":[],"_links":{"self":[{"href":"https:\/\/institutoaua.org.br\/campanha-safra-do-cambuci-2021\/wp-json\/wp\/v2\/pages\/297","targetHints":{"allow":["GET"]}}],"collection":[{"href":"https:\/\/institutoaua.org.br\/campanha-safra-do-cambuci-2021\/wp-json\/wp\/v2\/pages"}],"about":[{"href":"https:\/\/institutoaua.org.br\/campanha-safra-do-cambuci-2021\/wp-json\/wp\/v2\/types\/page"}],"author":[{"embeddable":true,"href":"https:\/\/institutoaua.org.br\/campanha-safra-do-cambuci-2021\/wp-json\/wp\/v2\/users\/1"}],"replies":[{"embeddable":true,"href":"https:\/\/institutoaua.org.br\/campanha-safra-do-cambuci-2021\/wp-json\/wp\/v2\/comments?post=297"}],"version-history":[{"count":38,"href":"https:\/\/institutoaua.org.br\/campanha-safra-do-cambuci-2021\/wp-json\/wp\/v2\/pages\/297\/revisions"}],"predecessor-version":[{"id":1684,"href":"https:\/\/institutoaua.org.br\/campanha-safra-do-cambuci-2021\/wp-json\/wp\/v2\/pages\/297\/revisions\/1684"}],"wp:attachment":[{"href":"https:\/\/institutoaua.org.br\/campanha-safra-do-cambuci-2021\/wp-json\/wp\/v2\/media?parent=297"}],"curies":[{"name":"wp","href":"https:\/\/api.w.org\/{rel}","templated":true}]}}